he remainder when 1285 is divided by 125.
35
Calculate the remainder when 646 is divided by 18.
16
Calculate the remainder when 368 is divided by 145.
78
What is the remainder when 444 is divided by 89?
88
What is the remainder when 214 is divided by 68?
10
Calculate the remainder when 337 is divided by 15.
7
Calculate the remainder when 302 is divided by 72.
14
Calculate the remainder when 1179 is divided by 170.
159
What is the remainder when 517 is divided by 117?
49
Calculate the remainder when 185 is divided by 64.
57
What is the remainder when 14196 is divided by 229?
227
Calculate the remainder when 132 is divided by 55.
22
What is the remainder when 197 is divided by 9?
8
What is the remainder when 493 is divided by 13?
12
What is the remainder when 315 is divided by 22?
7
What is the remainder when 62626 is divided by 161?
158
What is the remainder when 2072 is divided by 160?
152
Calculate the remainder when 462 is divided by 108.
30
What is the remainder when 3769 is divided by 102?
97
Calculate the remainder when 317 is divided by 17.
11
What is the remainder when 1133 is divided by 54?
53
What is the remainder when 41 is divided by 19?
3
What is the remainder when 118 is divided by 33?
19
What is the remainder when 1615 is divided by 323?
0
Calculate the remainder when 462 is divided by 12.
6
What is the remainder when 1842 is divided by 143?
126
Calculate the remainder when 1130 is divided by 66.
8
Calculate the remainder when 648 is divided by 106.
12
What is the remainder when 446 is divided by 87?
11
What is the remainder when 1402 is divided by 44?
38
Calculate the remainder when 361 is divided by 11.
9
Calculate the remainder when 88 is divided by 34.
20
Calculate the remainder when 103 is divided by 10.
3
Calculate the remainder when 206 is divided by 67.
5
Calculate the remainder when 253 is divided by 3.
1
Calculate the remainder when 372 is divided by 54.
48
What is the remainder when 1097 is divided by 19?
14
What is the remainder when 2331 is divided by 167?
160
What is the remainder when 869 is divided by 23?
18
Calculate the remainder when 28 is divided by 17.
11
Calculate the remainder when 426 is divided by 86.
82
Calculate the remainder when 139 is divided by 18.
13
What is the remainder when 6901 is divided by 177?
175
What is the remainder when 307 is divided by 141?
25
What is the remainder when 89 is divided by 12?
5
Calculate the remainder when 304 is divided by 105.
94
What is the remainder when 1848 is divided by 25?
23
What is the remainder when 91 is divided by 26?
13
What is the remainder when 444 is divided by 64?
60
What is the remainder when 1670 is divided by 829?
12
What is the remainder when 1191 is divided by 584?
23
What is the remainder when 5875 is divided by 294?
289
What is the remainder when 5096 is divided by 27?
20
Calculate the remainder when 1240 is divided by 113.
110
What is the remainder when 26 is divided by 5?
1
Calculate the remainder when 97 is divided by 12.
1
What is the remainder when 1180 is divided by 291?
16
Calculate the remainder when 183 is divided by 96.
87
What is the remainder when 91 is divided by 16?
11
Calculate the remainder when 59 is divided by 17.
8
Calculate the remainder when 346 is divided by 5.
1
Calculate the remainder when 517 is divided by 14.
13
Calculate the remainder when 2213 is divided by 54.
53
What is the remainder when 193 is divided by 13?
11
Calculate the remainder when 528 is divided by 96.
48
Calculate the remainder when 731 is divided by 49.
45
What is the remainder when 602 is divided by 36?
26
What is the remainder when 16 is divided by 3?
1
What is the remainder when 1077 is divided by 72?
69
What is the remainder when 151 is divided by 18?
7
Calculate the remainder when 934 is divided by 20.
14
Calculate the remainder when 95 is divided by 8.
7
Calculate the remainder when 222 is divided by 8.
6
What is the remainder when 716 is divided by 29?
20
Calculate the remainder when 102 is divided by 56.
46
What is the remainder when 80 is divided by 27?
26
Calculate the remainder when 114 is divided by 9.
6
Calculate the remainder when 1184 is divided by 191.
38
Calculate the remainder when 76 is divided by 10.
6
What is the remainder when 137 is divided by 7?
4
Calculate the remainder when 589 is divided by 85.
79
What is the remainder when 680 is divided by 39?
17
What is the remainder when 420 is divided by 114?
78
What is the remainder when 177 is divided by 84?
9
What is the remainder when 76 is divided by 22?
10
What is the remainder when 435 is divided by 74?
65
What is the remainder when 455 is divided by 57?
56
What is the remainder when 45806 is divided by 30?
26
What is the remainder when 44 is divided by 16?
12
What is the remainder when 1932 is divided by 192?
12
Calculate the remainder when 389 is divided by 141.
107
What is the remainder when 62 is divided by 22?
18
What is the remainder when 27 is divided by 26?
1
Calculate the remainder when 8557 is divided by 80.
77
Calculate the remainder when 1072 is divided by 243.
100
What is the remainder when 115 is divided by 20?
15
Calculate the remainder when 176 is divided by 101.
75
What is the remainder when 1425 is divided by 116?
33
What is the remainder when 1277 is divided by 34?
19
Calculate the remainder when 41 is divided by 33.
8
Calculate the remainder when 166 is divided by 91.
75
Calculate the remainder when 211 is divided by 19.
2
Calculate the remainder when 401 is divided by 9.
5
What is the remainder when 1155 is divided by 17?
16
Calculate the remainder when 158 is divided by 64.
30
What is the remainder when 355 is divided by 20?
15
Calculate the remainder when 187 is divided by 27.
25
Calculate the remainder when 147 is divided by 5.
2
Calculate the remainder when 557 is divided by 123.
65
What is the remainder when 12008 is divided by 13?
9
What is the remainder when 545 is divided by 47?
28
What is the remainder when 33 is divided by 9?
6
Calculate the remainder when 504 is divided by 86.
74
Calculate the remainder when 1023 is divided by 10.
3
What is the remainder when 718 is divided by 181?
175
Calculate the remainder when 768 is divided by 29.
14
What is the remainder when 137 is divided by 69?
68
Calculate the remainder when 5919 is divided by 74.
73
Calculate the remainder when 77 is divided by 23.
8
Calculate the remainder when 209 is divided by 93.
23
What is the remainder when 4796 is divided by 206?
58
Calculate the remainder when 2294 is divided by 757.
23
What is the remainder when 654 is divided by 81?
6
Calculate the remainder when 18028 is divided by 30.
28
What is the remainder when 417 is divided by 240?
177
What is the remainder when 15683 is divided by 46?
43
Calculate the remainder when 535 is divided by 12.
7
Calculate the remainder when 1987 is divided by 221.
219
What is the remainder when 313 is divided by 179?
134
Calculate the remainder when 18 is divided by 5.
3
Calculate the remainder when 269 is divided by 30.
29
Calculate the remainder when 48 is divided by 22.
4
What is the remainder when 1653 is divided by 138?
135
Calculate the remainder when 6939 is divided by 20.
19
Calculate the remainder when 250 is divided by 64.
58
Calculate the remainder when 520 is divided by 61.
32
Calculate the remainder when 306 is divided by 21.
12
What is the remainder when 3603 is divided by 5?
3
Calculate the remainder when 1035 is divided by 26.
21
What is the remainder when 2695 is divided by 130?
95
What is the remainder when 374 is divided by 107?
53
Calculate the remainder when 928 is divided by 270.
118
What is the remainder when 430 is divided by 127?
49
What is the remainder when 588 is divided by 260?
68
Calculate the remainder when 1856 is divided by 918.
20
What is the remainder when 185 is divided by 98?
87
Calculate the remainder when 450 is divided by 422.
28
Calculate the remainder when 3199 is divided by 20.
19
What is the remainder when 1651 is divided by 87?
85
What is the remainder when 437 is divided by 63?
59
Calculate the remainder when 478 is divided by 37.
34
Calculate the remainder when 91 is divided by 2.
1
Calculate the remainder when 1003 is divided by 32.
11
Calculate the remainder when 720 is divided by 6.
0
What i